58 = c, -2*q - 10 = 0. What is the greatest common divisor of c and 8?
8
Let c(i) = 3*i + 25. Let l be c(0). What is the highest common divisor of 275 and l?
25
Let d(k) = k - 5*k + 3 - 2 + 2*k. Let c be d(-5). Let r(s) = -s**2 - 13*s - 9. Let g be r(-7). What is the greatest common divisor of g and c?
11
Suppose -2*w - 2*w + 288 = 0. Suppose -4*i + 16 = -2*i. Calculate the greatest common divisor of i and w.
8
Suppose -3*j + 84 = 4*q, 2*q - 2 - 54 = 2*j. Calculate the greatest common factor of q and 16.
8
Suppose 0*q = -q - 4*t + 110, 2*q + 5*t - 211 = 0. What is the greatest common factor of q and 14?
14
Let i = -65 - -72. What is the highest common factor of 63 and i?
7
Suppose 0 = -5*y + 33 - 258. Let c be (2 + (-7)/3)*y. What is the greatest common factor of 60 and c?
15
Let u(s) = -5*s + 3 - 4 - 4. Let n be u(-4). Calculate the greatest common factor of n and 75.
15
Suppose 0 - 4 = -4*z. What is the greatest common factor of 8 and z?
1
Let q be 6*(-1)/(-9) + (-44)/(-6). What is the greatest common divisor of q and 104?
8
Let h(u) = 10*u - 5. Let r be h(2). Let n be (0 - 26/(-3))*r. Let d = -21 + 34. What is the greatest common factor of d and n?
13
Let v = -13 + -5. Let y be 4/18 + (-806)/v. What is the greatest common divisor of 5 and y?
5
Let l(y) = -y**3 + 9*y**2 + 7*y + 12. Let v be l(9). Calculate the greatest common divisor of v and 30.
15
Let r = -5 + 17. What is the greatest common factor of r and 8?
4
Let y(m) = -m + 1. Let p be y(-3). Let v(u) be the second derivative of u**3/6 + 2*u**2 + u. Let n be v(p). What is the greatest common divisor of n and 88?
8
Suppose x = -x + w + 48, 4*w - 72 = -4*x. Calculate the greatest common factor of x and 154.
22
Suppose 3*c = -4*x + 38, -5*x - 4*c + 26 = -22. What is the highest common factor of 2 and x?
2
Suppose -19*w + 14*w + 1400 = 0. What is the greatest common factor of 35 and w?
35
Let i = 220 - 188. Calculate the highest common divisor of i and 88.
8
Suppose -6*b + 3*b = -6. Suppose -3*t + t = 2*z - 152, 2*z = -5*t + 167. Suppose b*q = z - 3. Calculate the greatest common factor of q and 85.
17
Suppose 10*l = 2*l + 56. What is the greatest common divisor of 1 and l?
1
Let m be (170 + 0)*(-7)/7. Let y be m/(-12) - 2/12. What is the greatest common divisor of 21 and y?
7
Let n(z) = z + 48. Let x be (-3 + 3)/(2 + -1). Let g be n(x). Calculate the greatest common divisor of 24 and g.
24
Suppose 26 = 5*q - 2*o, -3*q - 3*o + 4*o = -16. Suppose 0 = -2*y + 4*y - q. What is the greatest common divisor of y and 9?
3
Suppose o + 8 = -a + 6*a, o = a. Suppose -o*v = v + 24. Let h = v - -16. Calculate the highest common factor of 20 and h.
4
Let j(a) = -11*a - 1. Let n be j(-7). Suppose 3*v - n = -v. What is the highest common divisor of 76 and v?
19
Let n = 23 + -41. Let p be (n/(-4))/((-1)/(-14)). Suppose 3*d = 7*d - 4, 2 = o - 5*d. What is the highest common factor of p and o?
7
Let g be 3/(30/(-4)) - 2524/(-10). What is the highest common factor of g and 28?
28
Let z(s) = -s - 7. Let j be z(-7). Suppose -2*v = -j*v + 172. Let k = v - -131. Calculate the highest common factor of 5 and k.
5
Suppose -3*c - 2*t - 2*t + 7 = 0, -28 = -2*c + 2*t. Let b be 489/c + (-2)/(-3). What is the highest common factor of b and 11?
11
Suppose 2*u = -o - 2 + 10, -4*o + 20 = 5*u. Suppose o = 3*i - 5*g - 79, -2*g - 4 = -3*g. Let z = 35 + -13. What is the greatest common factor of z and i?
11
Let v = 1 - -1. Suppose -v*p = 3*p - 10. Suppose j = -p*j + 12. What is the highest common divisor of 1 and j?
1
Let k = 35 - -141. Calculate the greatest common divisor of k and 16.
16
Let d be 60/(-5) + 2/(-1). Let l be (-7)/(d/(-4))*-6. What is the greatest common divisor of 12 and l?
12
Let u = -12 + 15. Calculate the greatest common divisor of 2 and u.
1
Let b be (1 + -2)/((-1)/128). Let v(m) = -m**2 + 5*m + 2. Let c be v(6). Let y = c - -20. What is the greatest common factor of b and y?
16
Let v be 432/20 - 6/(-15). Calculate the greatest common divisor of 33 and v.
11
Let i be 0 + 242/5 + 6/(-15). What is the greatest common factor of i and 120?
24
Suppose 36 = 2*t - t. Calculate the highest common factor of t and 18.
18
Suppose 5*d = 5*g - 0*g - 65, 2*g = d + 23. Let q be 2*(-5)/2*-5. Calculate the greatest common divisor of g and q.
5
Let g = -25 + 41. Calculate the highest common divisor of g and 40.
8
Let o be (2 - 3)/((-2)/8). Suppose -4*n + 5*l = -28, o*n + 4*l - l + 4 = 0. Calculate the highest common factor of n and 22.
2
Suppose 0 = 3*n - 13 - 116. Suppose 0 = -z + 3 - 2, n = 2*g + 3*z. Let y(j) = -j**3 + 5*j + 6. Let r be y(-4). Calculate the highest common divisor of g and r.
10
Let q(f) = f**3 + 6*f**2 - 5*f + 5. Let h(c) = -3*c + 3. Let l be h(3). Let w be q(l). Calculate the highest common divisor of w and 14.
7
Suppose 0 = 28*q - 24*q - 660. What is the highest common divisor of 66 and q?
33
Suppose -3*n - 2 + 3 = 4*m, 15 = -3*m. Suppose k = -0*k + 14. Calculate the highest common factor of k and n.
7
Let a(p) = p**3 - 3*p**2 + 4*p - 2. Let y be a(2). Suppose 4*f = 46 - 14. Calculate the greatest common factor of y and f.
2
Let l = -1 + 1. Suppose l = 3*g + 5*i - 4*i - 316, 5*i = 2*g - 205. Calculate the greatest common factor of g and 21.
21
Suppose -4*u - 1 = -t + 2*t, 2*t = 3*u + 53. Suppose -4*l + 2*l = 2*j - 112, -4*j - 4 = 0. Calculate the greatest common divisor of l and t.
19
Let c = -72 - -105. What is the highest common factor of c and 77?
11
Let h(n) = -11*n + 1. Let j be h(-1). Let c be (-140)/(-15)*18/7. Calculate the highest common divisor of c and j.
12
Let f(b) = b**3 - b**2 + 18. Let p be f(0). What is the greatest common factor of 9 and p?
9
Let w(u) = 3*u**2 + 2. Let g be w(-2). Suppose -3*d + 5*s + g = 0, 0 = d - 2*s + s - 6. What is the highest common divisor of d and 4?
4
Suppose 4*t + p + 49 = 0, -2*p + 71 = t - 6*t. Let l = t - -46. Let y = 21 + 1. What is the greatest common factor of l and y?
11
Let g be (-7 - 0 - -2)*-1. Let o be 0 + -3 + (g - 0). What is the highest common divisor of 16 and o?
2
Let t(o) be the third derivative of -o**4/24 + 2*o**3 + 2*o**2. Let u be t(-12). What is the greatest common factor of 60 and u?
12
Let y = -4 + 4. Let o(w) = 49*w**2 - 1. Let f be o(-2). Suppose h + 2*h - f = y. Calculate the greatest common divisor of 13 and h.
13
Suppose 3*g + 9 = 0, 5*h - 28 = h + 4*g. Suppose h*k - 56 - 160 = 0. Let d = k + -36. What is the greatest common divisor of 2 and d?
2
Let j be (35/5 + -4)*2. Calculate the highest common divisor of 15 and j.
3
Let g(m) = 3*m**2 - 1. Let d be g(1). Let w be d - (1 - 5)*22. Suppose 0 = i + 3*z - 26, 5*i - z - w = 4*z. Calculate the greatest common divisor of 50 and i.
10
Suppose -3*f + 5*f = 80. Let s be ((-21)/14)/((-6)/8). Suppose 0 = s*z - 27 + 7. What is the greatest common factor of f and z?
10
Let y(q) = -3*q**2 - 12*q - 5. Let d be y(-3). What is the greatest common divisor of d and 6?
2
Suppose 404 - 154 = 5*r. Calculate the greatest common divisor of r and 20.
10
Let g(s) = -2*s - 11. Let i(j) = -14*j**3 - 2*j + 1. Let l be i(1). Let v = l + 7. Let a be g(v). What is the highest common divisor of a and 40?
5
Let y(j) = j**3 - 15*j**2 + 16*j - 20. Let n be y(14). Let k be (n + 0)*(4 - -8). What is the highest common factor of k and 12?
12
Let t = 61 - 31. Suppose 2*v - 3*v = -5, -4*v + 14 = -3*d. Suppose i - 30 = -5*q, i + 0*i + d*q = 18. Calculate the highest common factor of i and t.
10
Suppose -4*m + 272 = 32. Suppose -x + 4 = x. Suppose -x*d + m = -d. Calculate the highest common divisor of 12 and d.
12
Let x = -8 + 9. Let t be x/4 - 235/(-20). Suppose 3*g - 40 = -2*g. Calculate the highest common factor of g and t.
4
Let k = 4 - 0. Suppose k*g - 55 - 29 = 0. Suppose 0 = 2*q + 4*q - 1386. What is the highest common divisor of q and g?
21
Let z(g) = 5 - 2*g - 3 - 1 + 3*g**2 - g. Let p be z(2). What is the greatest common factor of 1 and p?
1
Let g = 174 + -148. Calculate the greatest common divisor of g and 39.
13
Suppose -2*f + 18 = 2. Calculate the highest common factor of 8 and f.
8
Let n be 2 - (-3 - (2 - 2)). What is the highest common divisor of n and 40?
5
Let x = -478 - -484. Let n be 0/1 + 0 + 6. What is the highest common factor of x and n?
6
Let p(i) = i**3 - 9*i**2 + 14*i - 4. Let m be p(7). Let